{"id":82,"date":"2021-04-12T15:52:30","date_gmt":"2021-04-12T13:52:30","guid":{"rendered":"https:\/\/www.artisane-bougie.fr\/?page_id=82"},"modified":"2025-08-11T08:29:57","modified_gmt":"2025-08-11T06:29:57","slug":"conseils-dutilisation","status":"publish","type":"page","link":"https:\/\/63.liure.fr\/artisane\/conseils-dutilisation\/","title":{"rendered":"Nos bougies parfum\u00e9es: Conseils d&rsquo;utilisation"},"content":{"rendered":"<div class=\"container\"><div class=\"row\"><div class=\"col-md-12\">\n<p class=\"has-text-align-center\"><\/p>\n<\/div><\/div><\/div><div class=\"container\"><div class=\"row\"><div class=\"col-md-12\">\n\n<\/div><\/div><\/div><div class=\"container\"><div class=\"row\"><div class=\"col-md-12\">\n<div class=\"wp-block-columns is-layout-flex wp-container-core-columns-is-layout-9d6595d7 wp-block-columns-is-layout-flex\">\n<div class=\"wp-block-column is-layout-flow wp-block-column-is-layout-flow\" style=\"flex-basis:66.66%\"><div class=\"container\"><div class=\"row\"><div class=\"col-md-12\">\n<ol class=\"wp-block-list\"><li>Faites br\u00fbler au <strong>minimum 2h <\/strong>votre bougie pour que la surface sup\u00e9rieure se liqu\u00e9fie.<\/li><li><strong>Coupez la m\u00e8che<\/strong> avant chaque utilisation pour \u00e9viter toute \u00e9manation de suie ainsi qu&rsquo;une flamme trop haute.<br>Si vous rallumez votre <strong>bougie<\/strong> sans avoir coup\u00e9 la m\u00e8che un c\u00f4t\u00e9 de la bougie se consumera plus vite que l&rsquo;autre.<\/li><li>Etouffez la <strong>flamme<\/strong> de votre bougie parfum\u00e9e plut\u00f4t que de souffler dessus: elle d\u00e9gagera moins de fum\u00e9e noire.<\/li><li>Une fois que vous avez \u00e9touff\u00e9 votre <strong>bougie<\/strong>,recentrez la m\u00e8che.<\/li><\/ol>\n<\/div><\/div><\/div><\/div>\n\n\n\n<div class=\"wp-block-column is-layout-flow wp-block-column-is-layout-flow\" style=\"flex-basis:33.33%\">\n<figure class=\"wp-block-image size-large is-resized\"><img loading=\"lazy\" decoding=\"async\" src=\"https:\/\/www.artisane-bougie.fr\/wp-content\/uploads\/sites\/18\/2021\/04\/image-1-compressed-1-scaled-e1619420129312-1024x1024.jpg\" alt=\"\" class=\"wp-image-137\" width=\"260\" height=\"260\" srcset=\"https:\/\/63.liure.fr\/artisane\/wp-content\/uploads\/sites\/18\/2021\/04\/image-1-compressed-1-scaled-e1619420129312-1024x1024.jpg 1024w, https:\/\/63.liure.fr\/artisane\/wp-content\/uploads\/sites\/18\/2021\/04\/image-1-compressed-1-scaled-e1619420129312-300x300.jpg 300w, https:\/\/63.liure.fr\/artisane\/wp-content\/uploads\/sites\/18\/2021\/04\/image-1-compressed-1-scaled-e1619420129312-150x150.jpg 150w, https:\/\/63.liure.fr\/artisane\/wp-content\/uploads\/sites\/18\/2021\/04\/image-1-compressed-1-scaled-e1619420129312-768x768.jpg 768w, https:\/\/63.liure.fr\/artisane\/wp-content\/uploads\/sites\/18\/2021\/04\/image-1-compressed-1-scaled-e1619420129312-350x350.jpg 350w, https:\/\/63.liure.fr\/artisane\/wp-content\/uploads\/sites\/18\/2021\/04\/image-1-compressed-1-scaled-e1619420129312-800x800.jpg 800w, https:\/\/63.liure.fr\/artisane\/wp-content\/uploads\/sites\/18\/2021\/04\/image-1-compressed-1-scaled-e1619420129312-500x500.jpg 500w, https:\/\/63.liure.fr\/artisane\/wp-content\/uploads\/sites\/18\/2021\/04\/image-1-compressed-1-scaled-e1619420129312-1536x1536.jpg 1536w, https:\/\/63.liure.fr\/artisane\/wp-content\/uploads\/sites\/18\/2021\/04\/image-1-compressed-1-scaled-e1619420129312-40x40.jpg 40w, https:\/\/63.liure.fr\/artisane\/wp-content\/uploads\/sites\/18\/2021\/04\/image-1-compressed-1-scaled-e1619420129312.jpg 1920w\" sizes=\"auto, (max-width: 260px) 100vw, 260px\" \/><\/figure>\n<\/div>\n<\/div>\n<\/div><\/div><\/div><div class=\"container\"><div class=\"row\"><div class=\"col-md-12\">\n\n<\/div><\/div><\/div><div class=\"container\"><div class=\"row\"><div class=\"col-md-12\">\n<div class=\"wp-block-columns is-layout-flex wp-container-core-columns-is-layout-9d6595d7 wp-block-columns-is-layout-flex\">\n<div class=\"wp-block-column is-layout-flow wp-block-column-is-layout-flow\"><div class=\"container\"><div class=\"row\"><div class=\"col-md-12\">\n<div class=\"wp-block-columns is-layout-flex wp-container-core-columns-is-layout-9d6595d7 wp-block-columns-is-layout-flex\">\n<div class=\"wp-block-column is-layout-flow wp-block-column-is-layout-flow\"><\/div>\n<\/div>\n<\/div><\/div><\/div><\/div>\n<\/div>\n<\/div><\/div><\/div><div class=\"container\"><div class=\"row\"><div class=\"col-md-12\">\n\n<\/div><\/div><\/div><div class=\"container\"><div class=\"row\"><div class=\"col-md-12\">\n<div style=\"height:73px\" aria-hidden=\"true\" class=\"wp-block-spacer\"><\/div>\n<\/div><\/div><\/div><div class=\"container\"><div class=\"row\"><div class=\"col-md-12\">\n\n<\/div><\/div><\/div>\t<div class=\"row_block_line row no-gutters \">\n\t\t\n\t\t\t<div class=\"col-md-6\">\n\t\t\t<div class=\"inside_block_line d-flex justify-content-center flex-column h-100 height_auto\" >\n\t\t\t\t<img decoding=\"async\" class=\"img_in_block_line\" src=\"https:\/\/63.liure.fr\/artisane\/wp-content\/uploads\/sites\/18\/2021\/04\/IMG-0992-1024x768.jpg\" alt=\"bougies naturelles artisanales fait main\">\t\t\t\t\t\t\t\t\t<\/div>\n\t\t<\/div>\n\t\t\t<div class=\"col-md-6\">\n\t\t\t<div class=\"inside_block_line d-flex justify-content-center flex-column h-100 height_auto\" style=\"background-color:#0e041e;\">\n\t\t\t\t\t\t\t\t\t\t\t\t\t<\/div>\n\t\t<\/div>\n\t\t<\/div>\n<div class=\"container\"><div class=\"row\"><div class=\"col-md-12\">\n\n<\/div><\/div><\/div><div class=\"container\"><div class=\"row\"><div class=\"col-md-12\">\n<div style=\"height:100px\" aria-hidden=\"true\" class=\"wp-block-spacer\"><\/div>\n<\/div><\/div><\/div><div class=\"container\"><div class=\"row\"><div class=\"col-md-12\">\n\n<\/div><\/div><\/div><div class=\"container\"><div class=\"row\"><div class=\"col-md-12\">\n<h2 class=\"wp-block-heading\">Astuce<\/h2>\n<\/div><\/div><\/div><div class=\"container\"><div class=\"row\"><div class=\"col-md-12\">\n\n<\/div><\/div><\/div><div class=\"container\"><div class=\"row\"><div class=\"col-md-12\">\n<p>Plus votre pi\u00e8ce est grande, plus le temps de <strong>br\u00fblage<\/strong> se rallonge privil\u00e9giez des formats plus grands selon la taille de la pi\u00e8ce o\u00f9 vous voulez placer votre <strong>bougie<\/strong>.<\/p>\n<\/div><\/div><\/div><div class=\"container\"><div class=\"row\"><div class=\"col-md-12\">\n\n<\/div><\/div><\/div><div class=\"container\"><div class=\"row\"><div class=\"col-md-12\">\n<p>Allumez votre <strong>bougie<\/strong> parfum\u00e9e <strong>1h<\/strong> avant&nbsp;de recevoir, afin que le<strong> parfum<\/strong> ait le temps de se diffuser et de cr\u00e9er un super moment de <strong>convivialit\u00e9<\/strong> !<\/p>\n<\/div><\/div><\/div><div class=\"container\"><div class=\"row\"><div class=\"col-md-12\">\n\n<\/div><\/div><\/div><div class=\"container\"><div class=\"row\"><div class=\"col-md-12\">\n<div style=\"height:69px\" aria-hidden=\"true\" class=\"wp-block-spacer\"><\/div>\n<\/div><\/div><\/div><div class=\"container\"><div class=\"row\"><div class=\"col-md-12\">\n\n<\/div><\/div><\/div><div class=\"container\"><div class=\"row\"><div class=\"col-md-12\">\n<div class=\"wp-block-columns is-layout-flex wp-container-core-columns-is-layout-9d6595d7 wp-block-columns-is-layout-flex\">\n<div class=\"wp-block-column is-layout-flow wp-block-column-is-layout-flow\" style=\"flex-basis:66.66%\"><div class=\"container\"><div class=\"row\"><div class=\"col-md-12\">\n<h2 class=\"has-text-align-center wp-block-heading\">Pr\u00e9cautions d&rsquo;usage<\/h2>\n<\/div><\/div><\/div>\n\n<div class=\"container\"><div class=\"row\"><div class=\"col-md-12\">\n<p class=\"has-text-align-center\">&#8211; Ne laissez jamais une <strong>bougie<\/strong> allum\u00e9e sans surveillance&nbsp;<\/p>\n<\/div><\/div><\/div>\n\n<div class=\"container\"><div class=\"row\"><div class=\"col-md-12\">\n<p class=\"has-text-align-center\">&#8211; Prot\u00e9gez la surface o\u00f9 vous br\u00fblez la <strong>bougie<\/strong> avec un support r\u00e9sistant \u00e0 la chaleur<\/p>\n<\/div><\/div><\/div>\n\n<div class=\"container\"><div class=\"row\"><div class=\"col-md-12\">\n<p class=\"has-text-align-center\">&#8211; Faites br\u00fbler les <strong>bougies<\/strong> hors de port\u00e9e des enfants et des animaux<\/p>\n<\/div><\/div><\/div>\n\n<div class=\"container\"><div class=\"row\"><div class=\"col-md-12\">\n<p class=\"has-text-align-center\">&#8211; Laissez toujours 7 cm entre des<strong> bougies<\/strong> allum\u00e9es<\/p>\n<\/div><\/div><\/div>\n\n<div class=\"container\"><div class=\"row\"><div class=\"col-md-12\">\n<p class=\"has-text-align-center\">&#8211; N&rsquo;allumez jamais de <strong>bougies <\/strong>\u00e0 proximit\u00e9 d&rsquo;objets inflammables<\/p>\n<\/div><\/div><\/div>\n\n<div class=\"container\"><div class=\"row\"><div class=\"col-md-12\">\n<p class=\"has-text-align-center\">&#8211; \u00c9vitez de mettre des<strong> bougies<\/strong> dans un courant d&rsquo;air<\/p>\n<\/div><\/div><\/div>\n\n<div class=\"container\"><div class=\"row\"><div class=\"col-md-12\">\n<p class=\"has-text-align-center\">&#8211; Coupez la<strong> m\u00e8che <\/strong>\u00e0 environ<strong> 1 cm<\/strong> avant chaque utilisation<\/p>\n<\/div><\/div><\/div>\n\n<div class=\"container\"><div class=\"row\"><div class=\"col-md-12\">\n<p class=\"has-text-align-center\">&#8211; Ventilez la pi\u00e8ce apr\u00e8s chaque utilisation<\/p>\n<\/div><\/div><\/div>\n\n<div class=\"container\"><div class=\"row\"><div class=\"col-md-12\">\n<p class=\"has-text-align-center\">&#8211; Attendez que le contenant refroidisse apr\u00e8s avoir \u00e9teint la <strong>bougie<\/strong> avant de le manipuler<\/p>\n<\/div><\/div><\/div><\/div>\n\n\n\n<div class=\"wp-block-column is-vertically-aligned-center is-layout-flow wp-block-column-is-layout-flow\" style=\"flex-basis:33.33%\">\n<figure class=\"wp-block-image size-large\"><img loading=\"lazy\" decoding=\"async\" width=\"1024\" height=\"1024\" src=\"https:\/\/www.artisane-bougie.fr\/wp-content\/uploads\/sites\/18\/2021\/04\/image-1-compressed-1024x1024.jpg\" alt=\"\" class=\"wp-image-131\" srcset=\"https:\/\/63.liure.fr\/artisane\/wp-content\/uploads\/sites\/18\/2021\/04\/image-1-compressed-1024x1024.jpg 1024w, https:\/\/63.liure.fr\/artisane\/wp-content\/uploads\/sites\/18\/2021\/04\/image-1-compressed-300x300.jpg 300w, https:\/\/63.liure.fr\/artisane\/wp-content\/uploads\/sites\/18\/2021\/04\/image-1-compressed-150x150.jpg 150w, https:\/\/63.liure.fr\/artisane\/wp-content\/uploads\/sites\/18\/2021\/04\/image-1-compressed-768x768.jpg 768w, https:\/\/63.liure.fr\/artisane\/wp-content\/uploads\/sites\/18\/2021\/04\/image-1-compressed-350x350.jpg 350w, https:\/\/63.liure.fr\/artisane\/wp-content\/uploads\/sites\/18\/2021\/04\/image-1-compressed-800x800.jpg 800w, https:\/\/63.liure.fr\/artisane\/wp-content\/uploads\/sites\/18\/2021\/04\/image-1-compressed-500x500.jpg 500w, https:\/\/63.liure.fr\/artisane\/wp-content\/uploads\/sites\/18\/2021\/04\/image-1-compressed-1536x1536.jpg 1536w, https:\/\/63.liure.fr\/artisane\/wp-content\/uploads\/sites\/18\/2021\/04\/image-1-compressed-2048x2048.jpg 2048w, https:\/\/63.liure.fr\/artisane\/wp-content\/uploads\/sites\/18\/2021\/04\/image-1-compressed-40x40.jpg 40w\" sizes=\"auto, (max-width: 1024px) 100vw, 1024px\" \/><\/figure>\n\n\n<div class=\"container\"><div class=\"row\"><div class=\"col-md-12\">\n<p><\/p>\n<\/div><\/div><\/div><\/div>\n<\/div>\n<\/div><\/div><\/div><div class=\"container\"><div class=\"row\"><div class=\"col-md-12\">\n\n<\/div><\/div><\/div><div class=\"container\"><div class=\"row\"><div class=\"col-md-12\">\n<p><\/p>\n<\/div><\/div><\/div><div class=\"container\"><div class=\"row\"><div class=\"col-md-12\">\n\n<\/div><\/div><\/div><div class=\"container\"><div class=\"row\"><div class=\"col-md-12\">\n<p><\/p>\n<\/div><\/div><\/div><div class=\"container\"><div class=\"row\"><div class=\"col-md-12\">\n\n<\/div><\/div><\/div><div class=\"container\"><div class=\"row\"><div class=\"col-md-12\">\n<h2 class=\"wp-block-heading\">R\u00e9glementation<\/h2>\n<\/div><\/div><\/div><div class=\"container\"><div class=\"row\"><div class=\"col-md-12\">\n\n<\/div><\/div><\/div><div class=\"container\"><div class=\"row\"><div class=\"col-md-12\">\n<p><strong>La r\u00e9glementation AFNOR<\/strong>&nbsp;est une norme europ\u00e9enne relative \u00e0 la s\u00e9curit\u00e9 contre les risques d\u2019incendie des bougies. Elle ne concerne que les bougies.<br><strong>La r\u00e9glementation CLP<\/strong>&nbsp;(Classification Labelling Packaging) est une r\u00e9glementation europ\u00e9enne visant \u00e0 informer les consommateurs des risques potentiels sur la sant\u00e9 et l\u2019environnement.<\/p>\n<\/div><\/div><\/div><div class=\"container\"><div class=\"row\"><div class=\"col-md-12\">\n\n<\/div><\/div><\/div><div class=\"container\"><div class=\"row\"><div class=\"col-md-12\">\n<p>Nous vivons une \u00e9poque o\u00f9 nous attachons de plus en plus d\u2019importance \u00e0 la qualit\u00e9 et aux risques que repr\u00e9sentent tous nos produits de consommation.<\/p>\n<\/div><\/div><\/div><div class=\"container\"><div class=\"row\"><div class=\"col-md-12\">\n\n<\/div><\/div><\/div><div class=\"container\"><div class=\"row\"><div class=\"col-md-12\">\n<p><strong>La r\u00e9glementation AFNOR<\/strong>&nbsp;permet donc de pr\u00e9venir les risques li\u00e9s \u00e0 la combustion des bougies ainsi que les dangers d\u2019incendies, et pr\u00e9conise des conseils d\u2018utilisation.<br><strong>La r\u00e9glementation CLP<\/strong>&nbsp;vous indique les risques \u00e9ventuels li\u00e9s aux rejets dans l\u2019environnement ainsi que les dangers potentiels d\u2019allergie, d\u2019irritation, concernant la peau, les yeux ou encore les risques respiratoires. Ainsi, une personne sensible ou sujette aux allergies&nbsp;pourra prendre en compte que l\u2019usage de ce produit repr\u00e9sente, pour elle, un danger potentiel.<\/p>\n<\/div><\/div><\/div><div class=\"container\"><div class=\"row\"><div class=\"col-md-12\">\n\n<\/div><\/div><\/div><div class=\"container\"><div class=\"row\"><div class=\"col-md-12\">\n<p>Une bougie ou un fondant <strong>artisanal<\/strong> n\u2019ont pas grand chose en commun avec les produits de fabrication industrielle que l\u2019on trouve en grande surface.&nbsp;<br>Il faut tenir compte de la composition et en particulier la <strong>qualit\u00e9<\/strong> et le pourcentage du parfum.<\/p>\n<\/div><\/div><\/div><div class=\"container\"><div class=\"row\"><div class=\"col-md-12\">\n\n<\/div><\/div><\/div><div class=\"container\"><div class=\"row\"><div class=\"col-md-12\">\n<p>Les industriels utilisent des parfums de synth\u00e8se et \u00e0 faible dose, ce qui leur permet de passer sous les seuils de classification impos\u00e9s par la r\u00e9glementation CLP et leur permet de ne pas \u00eatre soumis \u00e0 cet \u00e9tiquetage&#8230;<\/p>\n<\/div><\/div><\/div><div class=\"container\"><div class=\"row\"><div class=\"col-md-12\">\n\n<\/div><\/div><\/div><div class=\"container\"><div class=\"row\"><div class=\"col-md-12\">\n<div class=\"wp-block-columns is-layout-flex wp-container-core-columns-is-layout-9d6595d7 wp-block-columns-is-layout-flex\">\n<div class=\"wp-block-column is-layout-flow wp-block-column-is-layout-flow\">\n<div class=\"wp-block-image\"><figure class=\"aligncenter size-large\"><img loading=\"lazy\" decoding=\"async\" width=\"290\" height=\"290\" src=\"https:\/\/www.artisane-bougie.fr\/wp-content\/uploads\/sites\/18\/2021\/04\/Normes-e1619425160730.jpg\" alt=\"bougies naturelles artisanales fait main\" class=\"wp-image-145\"\/><\/figure><\/div>\n<\/div>\n<\/div>\n<\/div><\/div><\/div>","protected":false},"excerpt":{"rendered":"<p>Faites br\u00fbler au minimum 2h votre bougie pour que la surface sup\u00e9rieure se liqu\u00e9fie. Coupez la m\u00e8che avant chaque utilisation pour \u00e9viter toute \u00e9manation de suie ainsi qu&rsquo;une flamme trop haute.Si vous rallumez votre bougie sans avoir coup\u00e9 la m\u00e8che un c\u00f4t\u00e9 de la bougie se consumera plus vite que l&rsquo;autre. Etouffez la flamme de [&hellip;]<\/p>\n","protected":false},"author":18,"featured_media":137,"parent":0,"menu_order":6,"comment_status":"closed","ping_status":"closed","template":"","meta":{"_acf_changed":false,"footnotes":""},"class_list":["post-82","page","type-page","status-publish","has-post-thumbnail","hentry"],"acf":[],"_links":{"self":[{"href":"https:\/\/63.liure.fr\/artisane\/wp-json\/wp\/v2\/pages\/82","targetHints":{"allow":["GET"]}}],"collection":[{"href":"https:\/\/63.liure.fr\/artisane\/wp-json\/wp\/v2\/pages"}],"about":[{"href":"https:\/\/63.liure.fr\/artisane\/wp-json\/wp\/v2\/types\/page"}],"author":[{"embeddable":true,"href":"https:\/\/63.liure.fr\/artisane\/wp-json\/wp\/v2\/users\/18"}],"replies":[{"embeddable":true,"href":"https:\/\/63.liure.fr\/artisane\/wp-json\/wp\/v2\/comments?post=82"}],"version-history":[{"count":30,"href":"https:\/\/63.liure.fr\/artisane\/wp-json\/wp\/v2\/pages\/82\/revisions"}],"predecessor-version":[{"id":438,"href":"https:\/\/63.liure.fr\/artisane\/wp-json\/wp\/v2\/pages\/82\/revisions\/438"}],"wp:featuredmedia":[{"embeddable":true,"href":"https:\/\/63.liure.fr\/artisane\/wp-json\/wp\/v2\/media\/137"}],"wp:attachment":[{"href":"https:\/\/63.liure.fr\/artisane\/wp-json\/wp\/v2\/media?parent=82"}],"curies":[{"name":"wp","href":"https:\/\/api.w.org\/{rel}","templated":true}]}}