{"id":7,"date":"2021-04-05T10:19:07","date_gmt":"2021-04-05T08:19:07","guid":{"rendered":"https:\/\/www.artisane-bougie.fr\/mentions-legales\/"},"modified":"2025-08-11T08:30:06","modified_gmt":"2025-08-11T06:30:06","slug":"mentions-legales","status":"publish","type":"page","link":"https:\/\/63.liure.fr\/artisane\/mentions-legales\/","title":{"rendered":"Mentions legales"},"content":{"rendered":"<div class=\"container\">\n<div class=\"row\">\n<div class=\"col-md-12\">\n<p>Conform\u00e9ment aux dispositions des Article s 6-III et 19 de la Loi n\u00b02004-575 du 21 juin 2004 pour la Confiance dans l\u2019\u00e9conomie num\u00e9rique, dite L.C.E.N., il est port\u00e9 \u00e0 la connaissance des Utilisateurs du site https:\/\/19.liure.fr\/artisane les pr\u00e9sentes mentions l\u00e9gales.<\/p>\n<p>La connexion et la navigation sur le site https:\/\/19.liure.fr\/artisane par l\u2019Utilisateur implique acceptation int\u00e9grale et sans r\u00e9serve des pr\u00e9sentes mentions l\u00e9gales.<\/p>\n<p>Ces derni\u00e8res sont accessibles sur le site \u00e0 la rubrique \u00ab Mentions l\u00e9gales \u00bb.<\/p>\n<h2>Article 1 : L\u2019\u00e9diteur<\/h2>\n<p>L\u2019\u00e9dition et la direction de la publication du site https:\/\/19.liure.fr\/artisane est assur\u00e9e par Marie LANA, domicili\u00e9e Si\u00e8ge social: 10 Boulevard de Bourganeuf 63460 ARTONNE, dont le num\u00e9ro de t\u00e9l\u00e9phone est 06 63 81 91 73, et l&rsquo;adresse e-mail artisanebougiesartonne@gmail.com.<\/p>\n<h2>Article 2 : L\u2019h\u00e9bergeur<\/h2>\n<p>L&rsquo;h\u00e9bergeur du site https:\/\/19.liure.fr\/artisane est la Soci\u00e9t\u00e9 OVH, dont le si\u00e8ge social est situ\u00e9 2 rue Kellermann \u2013 59100 Roubaix.<\/p>\n<h2>Article 3 : Acc\u00e8s au site<\/h2>\n<p>Le site est accessible par tout endroit, 7j\/7, 24h\/24 sauf cas de force majeure, interruption programm\u00e9e ou non et pouvant d\u00e9coulant d\u2019une n\u00e9cessit\u00e9 de maintenance.<\/p>\n<p>En cas de modification, interruption ou suspension des services le site https:\/\/19.liure.fr\/artisane ne saurait \u00eatre tenu responsable.<\/p>\n<h2>Article 4 : Collecte des donn\u00e9es<\/h2>\n<p>Le site est exempt\u00e9 de d\u00e9claration \u00e0 la Commission Nationale Informatique et Libert\u00e9s (CNIL) dans la mesure o\u00f9 il ne collecte aucune donn\u00e9e concernant les utilisateurs.<\/p>\n<h2>Article 5 : Cookies<\/h2>\n<p>L&rsquo;Utilisateur est inform\u00e9 que lors de ses visites sur le site, un cookie peut s\u2019installer automatiquement sur son logiciel de navigation.<\/p>\n<p>Un cookie est un \u00e9l\u00e9ment qui ne permet pas d\u2019identifier l\u2019Utilisateur mais sert \u00e0 enregistrer des informations relatives \u00e0 la navigation de celui-ci sur le site Internet. L\u2019Utilisateur pourra d\u00e9sactiver ce cookie par l\u2019interm\u00e9diaire des param\u00e8tres figurant au sein de son logiciel de navigation.<\/p>\n<h2>Article 6 : Propri\u00e9t\u00e9 intellectuelle<\/h2>\n<p>Toute utilisation, reproduction, diffusion, commercialisation, modification de toute ou partie du site https:\/\/19.liure.fr\/artisane,  sans autorisation de l&rsquo;Editeur est prohib\u00e9e et pourra entra\u00een\u00e9e des actions et poursuites judiciaires telles que notamment pr\u00e9vues par le Code de la propri\u00e9t\u00e9 intellectuelle et le Code civil.<\/p>\n<\/div>\n<\/div>\n<\/div>\n","protected":false},"excerpt":{"rendered":"<p>Conform\u00e9ment aux dispositions des Article s 6-III et 19 de la Loi n\u00b02004-575 du 21 juin 2004 pour la Confiance dans l\u2019\u00e9conomie num\u00e9rique, dite L.C.E.N., il est port\u00e9 \u00e0 la connaissance des Utilisateurs du site https:\/\/19.liure.fr\/artisane les pr\u00e9sentes mentions l\u00e9gales. La connexion et la navigation sur le site https:\/\/19.liure.fr\/artisane par l\u2019Utilisateur implique acceptation int\u00e9grale et [&hellip;]<\/p>\n","protected":false},"author":18,"featured_media":0,"parent":0,"menu_order":13,"comment_status":"closed","ping_status":"closed","template":"","meta":{"_acf_changed":false,"footnotes":""},"class_list":["post-7","page","type-page","status-publish","hentry"],"acf":[],"_links":{"self":[{"href":"https:\/\/63.liure.fr\/artisane\/wp-json\/wp\/v2\/pages\/7","targetHints":{"allow":["GET"]}}],"collection":[{"href":"https:\/\/63.liure.fr\/artisane\/wp-json\/wp\/v2\/pages"}],"about":[{"href":"https:\/\/63.liure.fr\/artisane\/wp-json\/wp\/v2\/types\/page"}],"author":[{"embeddable":true,"href":"https:\/\/63.liure.fr\/artisane\/wp-json\/wp\/v2\/users\/18"}],"replies":[{"embeddable":true,"href":"https:\/\/63.liure.fr\/artisane\/wp-json\/wp\/v2\/comments?post=7"}],"version-history":[{"count":4,"href":"https:\/\/63.liure.fr\/artisane\/wp-json\/wp\/v2\/pages\/7\/revisions"}],"predecessor-version":[{"id":421,"href":"https:\/\/63.liure.fr\/artisane\/wp-json\/wp\/v2\/pages\/7\/revisions\/421"}],"wp:attachment":[{"href":"https:\/\/63.liure.fr\/artisane\/wp-json\/wp\/v2\/media?parent=7"}],"curies":[{"name":"wp","href":"https:\/\/api.w.org\/{rel}","templated":true}]}}